 5*d - 106, u - 4*d = 32. What are the prime factors of u?
2, 3
Let w(b) = 2*b + 36. What are the prime factors of w(11)?
2, 29
What are the prime factors of 3/2 + 2325/10?
2, 3, 13
Suppose 0 = 3*v + 19 - 1. Let i = 1 - 4. What are the prime factors of ((-22)/v)/(i/(-9))?
11
Suppose -3*r = 5*k - 26, 5*k - 5*r = 13 - 3. Suppose -v = -3*v + k. Suppose -v*i + 6*i = 64. List the prime factors of i.
2
Suppose 3*n = 3*r + 18, 2*n + r - 24 = -3. Suppose -4*o = 2*q - 45 + 1, 2*o = -4*q + 82. Let x = q - n. List the prime factors of x.
11
What are the prime factors of 22 - (0/(-5) - 0)?
2, 11
List the prime factors of (60/14)/((-7)/(-196)).
2, 3, 5
Let f = -19 - -47. List the prime factors of f.
2, 7
Suppose -5*w + 7 = -2*l - 26, 0 = 4*l + 16. Suppose 2*b - 160 = -4*r, 0*b + 2*r = -5*b + 392. Suppose -w*c = -17 - b. List the prime factors of c.
19
Let t = -10 - -10. Suppose t = 5*b - 50. What are the prime factors of b?
2, 5
What are the prime factors of ((-145)/(-20))/(1/24)?
2, 3, 29
Suppose -8*j = -3*j - 10. Suppose -2*m + 3*p = 2*m - 86, -j*p - 64 = -3*m. List the prime factors of m.
2, 5
Suppose 0*g - 4*f - 16 = -3*g, 12 = 2*g - 2*f. Suppose 4*d + 0*d = 4*r + 16, -5*d = -3*r - 18. Suppose m = -d + g. List the prime factors of m.
5
Let q = -5 + -1. Let n be (15 + 0)*q/(-5). Let z = n + -8. What are the prime factors of z?
2, 5
Suppose 6*r - 24 = 8*r. Let v be (235 + -1)/(r/(-40)). List the prime factors of v/66 - (-4)/22.
2, 3
Suppose -o - 375 = -5*n, -2*n + 5*n = 2*o + 225. Suppose -4*h + n = h. List the prime factors of h.
3, 5
Suppose -17*k + 12*k + 305 = 0. What are the prime factors of k?
61
Suppose -4*q - 14 = 3*o, o - 2*o - 8 = 2*q. Suppose 0 = -i - 0*i + o. Let w(c) = c. List the prime factors of w(i).
2
Suppose -3*s + s + 10 = 0. Let z = 11 - s. List the prime factors of z.
2, 3
Suppose -4*g = 3*h + 7, 4*g = 3*g - h - 3. Suppose 0 = -p + g*p - 5. Suppose -p*b - j = -37 - 28, 3*b + 2*j - 46 = 0. What are the prime factors of b?
2, 3
Let m(h) = 3*h**2 + 5*h + 2. Let z(r) = -4*r**2 - 5*r - 2. Let o(f) = -5*m(f) - 4*z(f). Let a be o(5). What are the prime factors of ((-8)/(-10))/(a/(-20))?
2
Let b(u) = 5*u**2 + 5*u + 5. Let n be b(-2). What are the prime factors of (-5)/n - 56/(-6)?
3
Suppose -1 = 5*y - 6. What are the prime factors of (-12)/20*y*-15?
3
Suppose 0 = 5*v - 26 + 6. Suppose 8 = -v*d - 0*d. Let j = d - -7. What are the prime factors of j?
5
Suppose 6*b = b + 285. What are the prime factors of b?
3, 19
Let s = 4 - 0. Suppose s*w - 75 = 77. What are the prime factors of w?
2, 19
Let z = -21 + 71. Suppose 0 = -3*a - 4*t + 8*t + z, 0 = -a - 2*t. List the prime factors of a.
2, 5
Let o(q) = -q**3 - 7*q**2 - 8*q - 9. Let m be o(-6). Suppose -v = m*x - 2*x - 43, -4*v - 92 = -2*x. What are the prime factors of x?
2, 11
List the prime factors of 2/(-4)*-4 + 23.
5
Suppose 0 = -7*c + 2*c - 25. Let a be ((-4)/6)/((-1)/(-3)). Let g = a - c. List the prime factors of g.
3
Let x(s) = s**3 - 12*s**2 - 4*s + 5. Let m = 12 + -8. Let f(c) = c**2 + c + 1. Let y(t) = m*f(t) + x(t). What are the prime factors of y(8)?
3
Suppose 5*j - s - 11 = 0, 4 = 5*j - 4*s + 5. Suppose k - 12 = j. What are the prime factors of k?
3, 5
Let k(w) = -4*w**2 - 12*w - 1. Let h(l) = 3*l**2 + 11*l + 2. Let x(i) = -5*h(i) - 4*k(i). List the prime factors of x(9).
2, 3
List the prime factors of 246/4*(-10)/(-15).
41
Let d = -14 - -38. What are the prime factors of d?
2, 3
Let z(x) = 3*x**2 - 3 + 5 - 6*x - x**2. What are the prime factors of z(6)?
2, 19
Let k(o) = -o**2 - 2*o + 1. Let b be k(-4). Let d = b + 12. Suppose -4*m - 10 = 3*j - 42, -4*m = -d*j + 32. List the prime factors of j.
2
Let q(n) = -n + 14. Let s be (-12)/5*20/(-6). Let x be q(s). Suppose -35 = a - x*a. List the prime factors of a.
7
Let x(b) = -6*b**2 - b**3 - 41*b + 1 + 0*b**3 + 34*b. List the prime factors of x(-5).
11
Let l(o) be the first derivative of 2*o**3/3 - 3*o - 2. List the prime factors of l(3).
3, 5
List the prime factors of 5*9/105 + (-4208)/(-14).
7, 43
Let y = 4 + -2. What are the prime factors of 0*y/6 + 9?
3
Let t = -5 + 4. Let g be (-3)/(-3)*1 + t. Suppose g*r + 2 = r. List the prime factors of r.
2
Let q(i) = i**2 + i - 21. What are the prime factors of q(12)?
3, 5
Let p = 79 + -49. Let g = p + -6. List the prime factors of g.
2, 3
Suppose 7 = -2*a - 11. List the prime factors of ((-36)/15)/(a/30).
2
Let g = 64 + -16. What are the prime factors of g?
2, 3
Let j(x) = -5*x**3 - x**2 + x - 1. Let z be j(1). Let n be (1 - z)*(-12)/14. Let p(u) = -u**2 - 7*u + 6. What are the prime factors of p(n)?
2, 3
Suppose 30 = 3*p + 2*b - 0*b, -4*p - 2*b = -40. Let q = p - 6. Suppose 0 = 5*d - y - 53 - 53, -82 = -q*d - 2*y. What are the prime factors of d?
3, 7
Let a = -26 - -52. List the prime factors of a.
2, 13
Let q = -24 - -14. Let j = 0 - q. Suppose 3*s = s + j. List the prime factors of s.
5
Suppose -m - 3*m - 24 = 0. Let l = 8 + m. Suppose 16 + 0 = l*p. What are the prime factors of p?
2
Let q = 8 - 6. Suppose 0 = q*o + 2*u - 44, 0 = -3*o - 4*u - 34 + 102. What are the prime factors of o?
2, 5
Suppose -4*p + 3*c + 54 = 0, 0*p - 20 = -2*p + 5*c. What are the prime factors of p?
3, 5
Let g(w) = -w**3 - 6*w**2 - 5*w + 7. Let m be g(-5). Suppose 0 = r - 4, r + 3*r = h + 20. Let j = m + h. What are the prime factors of j?
3
Let a = 115 - 62. List the prime factors of a.
53
Suppose 70 + 87 = n. List the prime factors of n.
157
Suppose -94 = -3*f - 2*h, 2*f - f - 32 = -h. List the prime factors of f.
2, 3, 5
Suppose -6*o = -7 - 11. Suppose -o*v - b = -59, -3*b + 9 = -3*v + 4*v. What are the prime factors of v?
3, 7
Suppose -3*f + 128 = o, 4*f + 8*o - 156 = 3*o. List the prime factors of f.
2, 11
Let z(x) = x**2 + x + 2. Let t be z(0). List the prime factors of (-117)/(-26)*t/3.
3
What are the prime factors of (-2)/((-6)/57)*2?
2, 19
Suppose q - 4*v = -12, -2*q - 4*v - 12 = -8*v. Suppose q = s + s + y - 15, s - 2*y = 20. List the prime factors of s.
2, 5
Suppose -g = 5*q - 8 + 4, 0 = 2*g - q - 19. Let m(v) = v**3 - 9*v**2 + v + 7. List the prime factors of m(g).
2
List the prime factors of 448/24*(-3)/(-2).
2, 7
Let a = 102 + -16. List the prime factors of a.
2, 43
Let s(j) = -j**3 + 2*j**2 + 3*j - 2. Let w be s(3). What are the prime factors of 8*-3*w/4?
2, 3
Let a(n) = n**2 - 8*n - 4. What are the prime factors of a(-4)?
2, 11
Let b be 4/((-4)/(-2)) + 0. Let c be (1/(-2))/(b/(-76)). Suppose 7 = -2*a + c. List the prime factors of a.
2, 3
Let k = -19 - -10. List the prime factors of -2 - -6 - 2 - k.
11
Suppose -t + 174 = -3*z, z = -5*t + 3*z + 896. What are the prime factors of t?
2, 3, 5
What are the prime factors of (36 - -3)/((-9)/(-6))?
2, 13
Suppose p - 72 = -2*p. Suppose 4*s = -0*q + 2*q, 2*s + 5*q = p. Let k = 5 - s. List the prime factors of k.
3
Let d(k) = 3*k + 1. Let j be d(-2). Let u = j + 8. Suppose -u*a + 70 = 2*a. List the prime factors of a.
2, 7
Let m(d) = -d**2 - 6*d. Let a be m(-6). Let b be 13 + (2 - 0) + a. Suppose -5*f + b + 25 = 0. What are the prime factors of f?
2
Let h = 5 + -13. Let g(k) = -k - 4. Let x be g(h). Let r = -1 + x. What are the prime factors of r?
3
Let u(k) = 7*k**2 + 5*k - 18. Let q(y) = -y**2 + y. Let j(n) = 5*q(n) + u(n). List the prime factors of j(-9).
2, 3
Suppose 4*u = u + 66. Suppose -u = i - 4*b, 2*b - 15 - 3 = 4*i. List the prime factors of (-2 - (-3)/(-6))*i.
5
Let n(m) = -3*m - 4. Let g be n(-3). Suppose 2*i = -1 + g. Suppose 3*s - 10 = i. What are the prime factors of s?
2
Let i be (-3)/6*-4 + 1. Suppose 55 = 2*b + i*b. What are the prime factors of b?
11
Let f(b) be the third derivative of -b**2 + 1/6*b**4 + 0*b + 0 + 1/15*b**5 + 1/3*b**3. List the prime factors of f(-2).
2, 5
Let z be (-49)/7*(-1)/1. Let p(g) = 4*g - 5. What are the prime factors of p(z)?
23
Let p = 61 - 38. Suppose -p = -5*i + 3*a, -4*i - 19 = -9*i - a. Let g = 8 - i. What are the prime factors of g?
2
What are the prime factors of (4 + (-46)/4)*-2?
3, 5
List the prime factors of (66/2)/((-2)/(-2)).
3, 11
Let n be 1/(-2) - 6/4. Let z be (-82)/n*(-2 + 3). Let m = z + -29. What are the prime factors of m?
2, 3
Let c = 4 - -1. List the prime factors of c - (1 + -2 - 1).
7
Let a(b) = 13*b - 1. Let c(j) = -j + 11. Let l be c(6). Suppose -3*f - 2 = -l*f. What are the prime factors 